{"id":12,"date":"2024-08-23T10:57:23","date_gmt":"2024-08-23T08:57:23","guid":{"rendered":"https:\/\/crehappycouture.fr\/?post_type=product&#038;p=12"},"modified":"2024-08-23T10:57:23","modified_gmt":"2024-08-23T08:57:23","slug":"chaussette-de-noel-bonhomme-de-neige","status":"publish","type":"product","link":"https:\/\/crehappycouture.fr\/?product=chaussette-de-noel-bonhomme-de-neige","title":{"rendered":"chaussette de no\u00ebl bonhomme de neige"},"content":{"rendered":"<p>Une chaussette de No\u00ebl taille enfant \u00e0 accrocher \u00e0 la chemin\u00e9e et \u00e0 remplir de petites surprises!<\/p>\n","protected":false},"excerpt":{"rendered":"<p>Une chaussette de No\u00ebl taille enfant \u00e0 accrocher \u00e0 la chemin\u00e9e et \u00e0 remplir de petites surprises!<\/p>\n","protected":false},"featured_media":13,"comment_status":"open","ping_status":"closed","template":"","meta":[],"product_cat":[15],"product_tag":[],"class_list":{"0":"post-12","1":"product","2":"type-product","3":"status-publish","4":"has-post-thumbnail","6":"product_cat-uncategorized","8":"first","9":"instock","10":"shipping-taxable","11":"purchasable","12":"product-type-simple"},"_links":{"self":[{"href":"https:\/\/crehappycouture.fr\/index.php?rest_route=\/wp\/v2\/product\/12"}],"collection":[{"href":"https:\/\/crehappycouture.fr\/index.php?rest_route=\/wp\/v2\/product"}],"about":[{"href":"https:\/\/crehappycouture.fr\/index.php?rest_route=\/wp\/v2\/types\/product"}],"replies":[{"embeddable":true,"href":"https:\/\/crehappycouture.fr\/index.php?rest_route=%2Fwp%2Fv2%2Fcomments&post=12"}],"wp:featuredmedia":[{"embeddable":true,"href":"https:\/\/crehappycouture.fr\/index.php?rest_route=\/wp\/v2\/media\/13"}],"wp:attachment":[{"href":"https:\/\/crehappycouture.fr\/index.php?rest_route=%2Fwp%2Fv2%2Fmedia&parent=12"}],"wp:term":[{"taxonomy":"product_cat","embeddable":true,"href":"https:\/\/crehappycouture.fr\/index.php?rest_route=%2Fwp%2Fv2%2Fproduct_cat&post=12"},{"taxonomy":"product_tag","embeddable":true,"href":"https:\/\/crehappycouture.fr\/index.php?rest_route=%2Fwp%2Fv2%2Fproduct_tag&post=12"}],"curies":[{"name":"wp","href":"https:\/\/api.w.org\/{rel}","templated":true}]}}