{"id":393,"date":"2024-08-23T11:43:26","date_gmt":"2024-08-23T09:43:26","guid":{"rendered":"https:\/\/crehappycouture.fr\/?product=attache-tetine-personnalisable"},"modified":"2024-08-23T11:43:26","modified_gmt":"2024-08-23T09:43:26","slug":"attache-tetine-personnalisable","status":"publish","type":"product","link":"https:\/\/crehappycouture.fr\/?product=attache-tetine-personnalisable","title":{"rendered":"Attache t\u00e9tine personnalisable"},"content":{"rendered":"<p>Attache t\u00e9tine<\/p>\n<p>Fermeture par pression ( pour les t\u00e9tines avec un anneau)<\/p>\n<p>Petit range t\u00e9tine afin de garder la t\u00e9tine au propre lorsque b\u00e9b\u00e9 ne l&#8217;utilise pas<\/p>\n<p>Attache m\u00e9talique amovible pour le lavage en machine<\/p>\n<p>Tissus&nbsp;coton oeko tex<\/p>\n<p>&nbsp;<\/p>\n<p>Parfait comme cadeau de naissance<\/p>\n<p>&nbsp;<\/p>\n<p>Merci de choisir le tissus de votre choix dans le menu d\u00e9roulant ( vous trouverez le choix de tissus dans l&#8217;onglet &#8221; tissus&#8221; du menu)<\/p>\n","protected":false},"excerpt":{"rendered":"<p>Attache t\u00e9tine Fermeture par pression ( pour les t\u00e9tines avec un anneau) Petit range t\u00e9tine afin de garder la t\u00e9tine au propre lorsque b\u00e9b\u00e9 ne l&#8217;utilise pas Attache m\u00e9talique amovible pour le lavage en machine Tissus&nbsp;coton oeko tex &nbsp; Parfait comme cadeau de naissance &nbsp; Merci de choisir le tissus de votre choix dans le [&hellip;]<\/p>\n","protected":false},"featured_media":0,"comment_status":"open","ping_status":"closed","template":"","meta":[],"product_cat":[15],"product_tag":[],"class_list":{"0":"post-393","1":"product","2":"type-product","3":"status-publish","5":"product_cat-uncategorized","7":"first","8":"instock","9":"shipping-taxable","10":"product-type-simple"},"_links":{"self":[{"href":"https:\/\/crehappycouture.fr\/index.php?rest_route=\/wp\/v2\/product\/393"}],"collection":[{"href":"https:\/\/crehappycouture.fr\/index.php?rest_route=\/wp\/v2\/product"}],"about":[{"href":"https:\/\/crehappycouture.fr\/index.php?rest_route=\/wp\/v2\/types\/product"}],"replies":[{"embeddable":true,"href":"https:\/\/crehappycouture.fr\/index.php?rest_route=%2Fwp%2Fv2%2Fcomments&post=393"}],"wp:attachment":[{"href":"https:\/\/crehappycouture.fr\/index.php?rest_route=%2Fwp%2Fv2%2Fmedia&parent=393"}],"wp:term":[{"taxonomy":"product_cat","embeddable":true,"href":"https:\/\/crehappycouture.fr\/index.php?rest_route=%2Fwp%2Fv2%2Fproduct_cat&post=393"},{"taxonomy":"product_tag","embeddable":true,"href":"https:\/\/crehappycouture.fr\/index.php?rest_route=%2Fwp%2Fv2%2Fproduct_tag&post=393"}],"curies":[{"name":"wp","href":"https:\/\/api.w.org\/{rel}","templated":true}]}}