{"id":796,"date":"2024-08-23T11:44:30","date_gmt":"2024-08-23T09:44:30","guid":{"rendered":"https:\/\/crehappycouture.fr\/?product=gigoteuse-ella"},"modified":"2024-08-23T11:44:30","modified_gmt":"2024-08-23T09:44:30","slug":"gigoteuse-ella","status":"publish","type":"product","link":"https:\/\/crehappycouture.fr\/?product=gigoteuse-ella","title":{"rendered":"Gigoteuse &#8220;Ella&#8221;"},"content":{"rendered":"<p>Gigoteuse mi- saison<\/p>\n<p>fermeture \u00e9clair sur le c\u00f4t\u00e9 et pressions aux \u00e9paules&nbsp;<\/p>\n<p>Tissus ext\u00e9rieur en coton Oeko-tex<\/p>\n<p>Tissus int\u00e9rieur nid d&#8217;abeille<\/p>\n<p>Parfait comme cadeau de naissance<\/p>\n<p>A compl\u00e9ter avec les autres articles de la collection &#8221; Ella&#8221;<\/p>\n","protected":false},"excerpt":{"rendered":"<p>Gigoteuse mi- saison fermeture \u00e9clair sur le c\u00f4t\u00e9 et pressions aux \u00e9paules&nbsp; Tissus ext\u00e9rieur en coton Oeko-tex Tissus int\u00e9rieur nid d&#8217;abeille Parfait comme cadeau de naissance A compl\u00e9ter avec les autres articles de la collection &#8221; Ella&#8221;<\/p>\n","protected":false},"featured_media":0,"comment_status":"open","ping_status":"closed","template":"","meta":[],"product_cat":[15],"product_tag":[],"class_list":{"0":"post-796","1":"product","2":"type-product","3":"status-publish","5":"product_cat-uncategorized","7":"first","8":"instock","9":"shipping-taxable","10":"product-type-simple"},"_links":{"self":[{"href":"https:\/\/crehappycouture.fr\/index.php?rest_route=\/wp\/v2\/product\/796"}],"collection":[{"href":"https:\/\/crehappycouture.fr\/index.php?rest_route=\/wp\/v2\/product"}],"about":[{"href":"https:\/\/crehappycouture.fr\/index.php?rest_route=\/wp\/v2\/types\/product"}],"replies":[{"embeddable":true,"href":"https:\/\/crehappycouture.fr\/index.php?rest_route=%2Fwp%2Fv2%2Fcomments&post=796"}],"wp:attachment":[{"href":"https:\/\/crehappycouture.fr\/index.php?rest_route=%2Fwp%2Fv2%2Fmedia&parent=796"}],"wp:term":[{"taxonomy":"product_cat","embeddable":true,"href":"https:\/\/crehappycouture.fr\/index.php?rest_route=%2Fwp%2Fv2%2Fproduct_cat&post=796"},{"taxonomy":"product_tag","embeddable":true,"href":"https:\/\/crehappycouture.fr\/index.php?rest_route=%2Fwp%2Fv2%2Fproduct_tag&post=796"}],"curies":[{"name":"wp","href":"https:\/\/api.w.org\/{rel}","templated":true}]}}