{"id":825,"date":"2024-08-23T11:44:34","date_gmt":"2024-08-23T09:44:34","guid":{"rendered":"https:\/\/crehappycouture.fr\/?product=balle-de-prehension-ignace"},"modified":"2024-09-03T13:57:00","modified_gmt":"2024-09-03T11:57:00","slug":"balle-de-prehension-ignace","status":"publish","type":"product","link":"https:\/\/crehappycouture.fr\/?product=balle-de-prehension-ignace","title":{"rendered":"Balle de Pr\u00e9hension &#8220;Ignace&#8221;"},"content":{"rendered":"<p>Balle de pr\u00e9hension de type Montessori<\/p>\n<p>Convient \u00e0 un enfant de\u00a0la naissance\u00a0jusqu&#8217;\u00e0 2 ans environ<\/p>\n<p>Permet de d\u00e9velopper la pr\u00e9hension, la coordination des mouvements et l&#8217;\u00e9veil des sens :\u00a0\u00a0la vue, le toucher et l&#8217;ou\u00efe gr\u00e2ce au grelot int\u00e9gr\u00e9<\/p>\n<p>Tissus\u00a0coton oeko tex<\/p>\n<p>&nbsp;<\/p>\n<p>Parfait comme cadeau de naissance<\/p>\n<p>A compl\u00e9ter avec les autres articles de la collection &#8221; Ignace&#8221;<\/p>\n","protected":false},"excerpt":{"rendered":"<p>Balle de pr\u00e9hension de type Montessori Convient \u00e0 un enfant de\u00a0la naissance\u00a0jusqu&#8217;\u00e0 2 ans environ Permet de d\u00e9velopper la pr\u00e9hension, la coordination des mouvements et l&#8217;\u00e9veil des sens :\u00a0\u00a0la vue, le toucher et l&#8217;ou\u00efe gr\u00e2ce au grelot int\u00e9gr\u00e9 Tissus\u00a0coton oeko tex &nbsp; Parfait comme cadeau de naissance A compl\u00e9ter avec les autres articles de la [&hellip;]<\/p>\n","protected":false},"featured_media":969,"comment_status":"open","ping_status":"closed","template":"","meta":[],"product_cat":[37],"product_tag":[38],"class_list":{"0":"post-825","1":"product","2":"type-product","3":"status-publish","4":"has-post-thumbnail","6":"product_cat-balle-prehension","7":"product_tag-ignace","9":"first","10":"instock","11":"shipping-taxable","12":"purchasable","13":"product-type-simple"},"_links":{"self":[{"href":"https:\/\/crehappycouture.fr\/index.php?rest_route=\/wp\/v2\/product\/825"}],"collection":[{"href":"https:\/\/crehappycouture.fr\/index.php?rest_route=\/wp\/v2\/product"}],"about":[{"href":"https:\/\/crehappycouture.fr\/index.php?rest_route=\/wp\/v2\/types\/product"}],"replies":[{"embeddable":true,"href":"https:\/\/crehappycouture.fr\/index.php?rest_route=%2Fwp%2Fv2%2Fcomments&post=825"}],"wp:featuredmedia":[{"embeddable":true,"href":"https:\/\/crehappycouture.fr\/index.php?rest_route=\/wp\/v2\/media\/969"}],"wp:attachment":[{"href":"https:\/\/crehappycouture.fr\/index.php?rest_route=%2Fwp%2Fv2%2Fmedia&parent=825"}],"wp:term":[{"taxonomy":"product_cat","embeddable":true,"href":"https:\/\/crehappycouture.fr\/index.php?rest_route=%2Fwp%2Fv2%2Fproduct_cat&post=825"},{"taxonomy":"product_tag","embeddable":true,"href":"https:\/\/crehappycouture.fr\/index.php?rest_route=%2Fwp%2Fv2%2Fproduct_tag&post=825"}],"curies":[{"name":"wp","href":"https:\/\/api.w.org\/{rel}","templated":true}]}}