{"id":834,"date":"2024-08-23T11:44:35","date_gmt":"2024-08-23T09:44:35","guid":{"rendered":"https:\/\/crehappycouture.fr\/?product=tipi-pipi-mathis"},"modified":"2024-09-03T13:53:33","modified_gmt":"2024-09-03T11:53:33","slug":"tipi-pipi-mathis","status":"publish","type":"product","link":"https:\/\/crehappycouture.fr\/?product=tipi-pipi-mathis","title":{"rendered":"Tipi pipi &#8220;Mathis&#8221;"},"content":{"rendered":"<p>Tipi pipi bien utile pour le change de vos petits gar\u00e7ons!<\/p>\n<p>Vendu\u00a0par lot de 4 ou\u00a08, avec ou sans pani\u00e8re (veillez \u00e0 bien choisir votre option)<\/p>\n<p>Tissus ext\u00e9rieur coton oeko tex<\/p>\n<p>Tissus int\u00e9rieur \u00e9ponge<\/p>\n<p>Parfait comme cadeau de naissance<\/p>\n<p>A compl\u00e9ter avec les autres articles de la collection &#8221; Mathis&#8221;<\/p>\n","protected":false},"excerpt":{"rendered":"<p>Tipi pipi bien utile pour le change de vos petits gar\u00e7ons! Vendu\u00a0par lot de 4 ou\u00a08, avec ou sans pani\u00e8re (veillez \u00e0 bien choisir votre option) Tissus ext\u00e9rieur coton oeko tex Tissus int\u00e9rieur \u00e9ponge Parfait comme cadeau de naissance A compl\u00e9ter avec les autres articles de la collection &#8221; Mathis&#8221;<\/p>\n","protected":false},"featured_media":1188,"comment_status":"open","ping_status":"closed","template":"","meta":[],"product_cat":[33],"product_tag":[29],"class_list":{"0":"post-834","1":"product","2":"type-product","3":"status-publish","4":"has-post-thumbnail","6":"product_cat-tipi-pipi","7":"product_tag-mathis","9":"first","10":"instock","11":"shipping-taxable","12":"purchasable","13":"product-type-simple"},"_links":{"self":[{"href":"https:\/\/crehappycouture.fr\/index.php?rest_route=\/wp\/v2\/product\/834"}],"collection":[{"href":"https:\/\/crehappycouture.fr\/index.php?rest_route=\/wp\/v2\/product"}],"about":[{"href":"https:\/\/crehappycouture.fr\/index.php?rest_route=\/wp\/v2\/types\/product"}],"replies":[{"embeddable":true,"href":"https:\/\/crehappycouture.fr\/index.php?rest_route=%2Fwp%2Fv2%2Fcomments&post=834"}],"wp:featuredmedia":[{"embeddable":true,"href":"https:\/\/crehappycouture.fr\/index.php?rest_route=\/wp\/v2\/media\/1188"}],"wp:attachment":[{"href":"https:\/\/crehappycouture.fr\/index.php?rest_route=%2Fwp%2Fv2%2Fmedia&parent=834"}],"wp:term":[{"taxonomy":"product_cat","embeddable":true,"href":"https:\/\/crehappycouture.fr\/index.php?rest_route=%2Fwp%2Fv2%2Fproduct_cat&post=834"},{"taxonomy":"product_tag","embeddable":true,"href":"https:\/\/crehappycouture.fr\/index.php?rest_route=%2Fwp%2Fv2%2Fproduct_tag&post=834"}],"curies":[{"name":"wp","href":"https:\/\/api.w.org\/{rel}","templated":true}]}}